{"id":48,"date":"2010-01-11T14:31:42","date_gmt":"2010-01-11T20:31:42","guid":{"rendered":"http:\/\/www.vko.cz\/VKOweb\/kontakt\/"},"modified":"2025-06-09T04:49:51","modified_gmt":"2025-06-09T10:49:51","slug":"kontakt","status":"publish","type":"page","link":"http:\/\/www.vko.cz\/VKOweb\/kontakt\/","title":{"rendered":"Kontakt"},"content":{"rendered":"<p><iframe loading=\"lazy\" style=\"border: 0px; --darkreader-inline-border-top: 0px; --darkreader-inline-border-right: 0px; --darkreader-inline-border-bottom: 0px; --darkreader-inline-border-left: 0px;\" src=\"https:\/\/www.google.com\/maps\/embed?pb=!1m18!1m12!1m3!1d636.3421066907451!2d13.793770528100879!3d50.35968423387234!2m3!1f0!2f0!3f0!3m2!1i1024!2i768!4f13.1!3m3!1m2!1s0x470a2ffc22844d5d%3A0x3766c505ca5ba02e!2zVmVzbGHFmXNrw70ga2x1YiBPaMWZZSBMb3VueQ!5e0!3m2!1scs!2scz!4v1539118144722\" width=\"600\" height=\"300\" frameborder=\"0\" allowfullscreen=\"allowfullscreen\"><span data-mce-type=\"bookmark\" style=\"display: inline-block; width: 0px; overflow: hidden; line-height: 0;\" class=\"mce_SELRES_start\">\ufeff<\/span><span data-mce-type=\"bookmark\" style=\"display: inline-block; width: 0px; overflow: hidden; line-height: 0;\" class=\"mce_SELRES_start\">\ufeff<\/span><span data-mce-type=\"bookmark\" style=\"display: inline-block; width: 0px; overflow: hidden; line-height: 0;\" class=\"mce_SELRES_start\">\ufeff<\/span><span data-mce-type=\"bookmark\" style=\"display: inline-block; width: 0px; overflow: hidden; line-height: 0;\" class=\"mce_SELRES_start\">\ufeff<\/span><span data-mce-type=\"bookmark\" style=\"display: inline-block; width: 0px; overflow: hidden; line-height: 0;\" class=\"mce_SELRES_start\">\ufeff<\/span><span data-mce-type=\"bookmark\" style=\"display: inline-block; width: 0px; overflow: hidden; line-height: 0;\" class=\"mce_SELRES_start\">\ufeff<\/span><\/iframe><\/p>\n<p><em>Adresa klubu:<br \/>\n<\/em>Vesla\u0159sk\u00fd klub Oh\u0159e Louny<br \/>\nVos\u00e1tkova 1765<br \/>\n440 01\u00a0 Louny<\/p>\n<p>Email: vko[zavin\u00e1\u010d]vko.cz (distribuce na \u010dleny v\u00fdkonn\u00e9ho v\u00fdboru)<\/p>\n<p><strong><em>P\u0159edseda:<\/em><\/strong><br \/>\nIng. Filip \u010cern\u00fd tel. 602 693 937, email vko[zavin\u00e1\u010d]vko.cz<\/p>\n<p><strong><em>Tren\u00e9r:<\/em><\/strong><br \/>\nPavel Bl\u00e1ha ml., tel. 601 566 106, email pavel.blaha[zavin\u00e1\u010d]vko.cz<\/p>\n<p><strong><em>Spr\u00e1vce lod\u011bnice:<\/em><\/strong><br \/>\nMilan \u010cern\u00fd, tel. ,603 705 635, em<span style=\"font-family: inherit; font-size: inherit;\">ail cernoh[zavin\u00e1\u010d]seznam.cz<\/span><\/p>\n<p>Bankovn\u00ed spojen\u00ed:<br \/>\n11631481\/0100 veden\u00fd u Komer\u010dn\u00ed banky.<\/p>\n<p>I\u010c:\u00a043226124<\/p>\n","protected":false},"excerpt":{"rendered":"<p>\ufeff\ufeff\ufeff\ufeff\ufeff\ufeff Adresa klubu: Vesla\u0159sk\u00fd klub Oh\u0159e Louny Vos\u00e1tkova 1765 440 01\u00a0 Louny Email: vko[zavin\u00e1\u010d]vko.cz (distribuce na \u010dleny v\u00fdkonn\u00e9ho v\u00fdboru) P\u0159edseda: Ing. Filip \u010cern\u00fd tel. 602 693 937, email vko[zavin\u00e1\u010d]vko.cz Tren\u00e9r: Pavel Bl\u00e1ha ml., tel. 601<a class=\"read-more\" href=\"http:\/\/www.vko.cz\/VKOweb\/kontakt\/\">\u010d\u00edst d\u00e1le..<\/a><\/p>\n","protected":false},"author":4,"featured_media":0,"parent":0,"menu_order":6,"comment_status":"closed","ping_status":"closed","template":"","meta":{"footnotes":""},"_links":{"self":[{"href":"http:\/\/www.vko.cz\/VKOweb\/wp-json\/wp\/v2\/pages\/48"}],"collection":[{"href":"http:\/\/www.vko.cz\/VKOweb\/wp-json\/wp\/v2\/pages"}],"about":[{"href":"http:\/\/www.vko.cz\/VKOweb\/wp-json\/wp\/v2\/types\/page"}],"author":[{"embeddable":true,"href":"http:\/\/www.vko.cz\/VKOweb\/wp-json\/wp\/v2\/users\/4"}],"replies":[{"embeddable":true,"href":"http:\/\/www.vko.cz\/VKOweb\/wp-json\/wp\/v2\/comments?post=48"}],"version-history":[{"count":45,"href":"http:\/\/www.vko.cz\/VKOweb\/wp-json\/wp\/v2\/pages\/48\/revisions"}],"predecessor-version":[{"id":4958,"href":"http:\/\/www.vko.cz\/VKOweb\/wp-json\/wp\/v2\/pages\/48\/revisions\/4958"}],"wp:attachment":[{"href":"http:\/\/www.vko.cz\/VKOweb\/wp-json\/wp\/v2\/media?parent=48"}],"curies":[{"name":"wp","href":"https:\/\/api.w.org\/{rel}","templated":true}]}}