{"id":2,"date":"2009-10-08T10:15:13","date_gmt":"2009-10-08T16:15:13","guid":{"rendered":"http:\/\/www.halovytriatlon.cz\/VKOweb\/?page_id=2"},"modified":"2019-01-15T03:11:34","modified_gmt":"2019-01-15T09:11:34","slug":"historie","status":"publish","type":"page","link":"http:\/\/www.vko.cz\/VKOweb\/historie\/","title":{"rendered":"O klubu"},"content":{"rendered":"<p style=\"text-align: justify;\">Kdy\u017e v roce 1883 p\u00e1nov\u00e9 MUC. Fr. Sedlmayer a Arno\u0161t Sekera zakl\u00e1dali vesla\u0159sk\u00fd a brusla\u0159sk\u00fd klub v Lounech, cht\u011bli se omezit jen na po\u0159\u00e1d\u00e1n\u00ed v\u00fdlet\u016f a z\u00e1bav na vod\u011b a v zim\u011b na bruslen\u00ed. To je\u0161t\u011b netu\u0161ili, \u017ee se z klubu z\u00e1bavn\u00e9ho stane zakr\u00e1tko klub sportovn\u00ed. O rok pozd\u011bji ji\u017e m\u011bl klub zakoupeny \u010dty\u0159i v\u00fdletn\u00ed lod\u011b, kter\u00e9 v\u0161ak zdaleka neuspokojily neb\u00fdval\u00fd z\u00e1jem lounsk\u00fdch o tuto atrakci. \u010cinnost klubu tehdy toti\u017e nebyla zdaleka suchop\u00e1rn\u00e1, po\u0159\u00e1daly se tane\u010dn\u00ed z\u00e1bavy a obl\u00edben\u00e9 klubov\u00e9 bruslen\u00ed na t\u016fni p\u0159i lampionech, kter\u00e9\u017eto l\u00e1kaly k \u00fa\u010dasti \u0161irok\u00e9 m\u011bstsk\u00e9 ob\u010danstvo.<\/p>\n<p><a style=\"text-align: justify;\" href=\"http:\/\/www.vko.cz\/VKOweb\/?attachment_id=62\"><img decoding=\"async\" loading=\"lazy\" class=\"size-full wp-image-62 aligncenter\" title=\"vko_lodenice\" src=\"http:\/\/www.vko.cz\/VKOweb\/wp-content\/uploads\/vko_lodenice.jpg\" alt=\"Lodenice na Ohri\" width=\"547\" height=\"417\" \/><\/a><\/p>\n<p><span style=\"text-align: justify;\">V\u00fdrazn\u011bj\u0161\u00ed sportovn\u00ed zam\u011b\u0159en\u00ed ale p\u0159inesly a\u017e roky 1887 &#8211; 1888, kdy klub z\u00edskal od pra\u017esk\u00e9 Slavie dv\u011b sportovn\u00ed lodi, ustanovil funkci kapit\u00e1na, a vybudoval prvn\u00ed zd\u011bnou lod\u011bnici.<\/span><span style=\"text-align: justify;\">Zde je nutno p\u0159ipomenout, \u017ee vesla\u0159sk\u00fd klub, zvl\u00e1\u0161t\u011b v prvn\u00ed p\u016fli sv\u00e9 existence byl v\u017edy siln\u011b podporov\u00e1n a \u010dasto i osobn\u011b spjat s veden\u00edm m\u011bsta a v\u00fdznamn\u00fdmi lounsk\u00fdmi osobnostmi. Klub se pomalu rozv\u00edjel a\u017e do roku 1918, kdy p\u0159i\u0161lo v\u011bt\u0161\u00ed o\u017eiven\u00ed v podob\u011b zm\u011bny n\u00e1zvu na Vesla\u0159sk\u00fd klub Oh\u0159e (VKO) a p\u0159estavby lod\u011bnice. Klub m\u011bl v t\u00e9 dob\u011b je\u0161t\u011b dva dal\u0161\u00ed odbory &#8211; tenisov\u00fd a plaveck\u00fd, z nich\u017e zvl\u00e1\u0161t\u011b tenisov\u00fd byl pom\u011brn\u011b siln\u00fd. Nejv\u011bt\u0161\u00edho vesla\u0159sk\u00e9ho \u00fasp\u011bchu v dob\u011b meziv\u00e1le\u010dn\u00e9 dos\u00e1hl skifa\u0159 Zav\u0159el, kter\u00fd se stal v 30. letech n\u011bkolin\u00e1sobn\u00fdm mistrem republiky a z\u00edskal dvakr\u00e1t bronzovou medaili na mistrovstv\u00ed Evropy (1932, 1933).<\/span><\/p>\n<p style=\"text-align: justify;\">Za okupace klub utrp\u011bl t\u011b\u017ekou r\u00e1nu. V dob\u011b heydrichi\u00e1dy, v \u010dervnu 1942, byl \u00fa\u0159edn\u011b zav\u0159en, p\u011bt \u010dlen\u016f popraveno a p\u011bt uv\u011bzn\u011bno v nacistick\u00fdch koncentra\u010dn\u00edch t\u00e1borech. Majetek byl zabaven a z v\u011bt\u0161\u00ed \u010d\u00e1sti zni\u010den n\u011bmeck\u00fdmi voj\u00e1ky. Po v\u00e1lce, v obdob\u00ed v\u0161eobj\u00edmaj\u00edc\u00edho sjednocov\u00e1n\u00ed, se klub stal odd\u00edlem TJ Lokomotivy Louny. V roce 1951 za\u010dala n\u00e1kladn\u00e1 p\u0159estavba lod\u011bnice do podoby, jakou zn\u00e1me dnes. V letech 1959 &#8211; 1965 odd\u00edl zaznamenal n\u011bkolik sportovn\u00edch \u00fasp\u011bch\u016f, s nimi\u017e jsou spojena jm\u00e9na Hel\u0161us, Jind\u0159ich, Rajny\u0161, Zavadil, Bl\u00e1ha, Krejcar ad. Pot\u00e9 nastala l\u00e9ta stagnace i \u00fapln\u00e9ho odml\u010den\u00ed. A\u017e v roce 1971 se d\u00edky pr\u00e1ci s ml\u00e1de\u017e\u00ed k \u017eivotu za\u010dala probouzet dal\u0161\u00ed hou\u017eev vesla\u0159sk\u00e1 a Louny se op\u011bt za\u010daly objevovat na v\u00fdsledkov\u00fdch listin\u00e1ch, a to prost\u0159ednictv\u00edm jmen Termerov\u00e1, Bos\u00e1k, Vorel, Vr\u00e1tn\u00fd, Janda, Lavi\u010dka, Kalus, Zoul a dal\u0161\u00ed. V roce 1980 se p\u0159istoupilo k radik\u00e1ln\u00ed modernizaci lod\u011bnice, zaveden\u00ed \u00fast\u0159edn\u00edho topen\u00ed a pojmenov\u00e1n\u00ed zapr\u00e1\u0161en\u00e9ho a studen\u00e9ho z\u00e1kout\u00ed lod\u011bnice posilovnou. Hlavn\u011b vyt\u00e1p\u011bn\u00ed umo\u017enilo zkvalitnit zimn\u00ed p\u0159\u00edpravu lod\u00ed i vesla\u0159sk\u00fdch t\u011bl.Rok 1989 zastihl vesla\u0159sk\u00fd odd\u00edl p\u0159i sklizni prvn\u00edch \u00fasp\u011bch\u016f pod veden\u00edm nov\u00e9ho v\u00fdboru ve slo\u017een\u00ed: p\u0159edseda &#8211; Zd. Hel\u0161us, org. pracovn\u00edk K. Grohov\u00e1, hospod\u00e1\u0159 D. Kalusov\u00e1, tren\u00e9\u0159i P. Bl\u00e1ha, J. Janda, V. Krejcar, M. Vorel a J. Jeremi\u00e1\u0161. V roce 1990 se dostal Pavel Bl\u00e1ha ml. do reprezanta\u010dn\u00edho v\u00fdb\u011bru a o rok pozd\u011bji\u00a0 v p\u00e1rov\u00e9 \u010dty\u0159ce startoval na mistrovstv\u00ed sv\u011bta junior\u016f v Banyoles. Z\u00e1vodnice Bl\u00e1hov\u00e1 a Hal\u00e1skov\u00e1 z\u00edskaly t\u0159i tituly p\u0159ebornic \u010cSFR. Mezit\u00edm p\u0159\u00edpravn\u00fd v\u00fdbor odd\u00edlu (Hel\u0161us, Bl\u00e1ha, Vorel, Krejcar) za\u010dal pracovat na obnov\u011b samostatn\u00e9ho VKO, co\u017e se mu poda\u0159ilo v z\u00e1v\u011bru roku 1991. Dal\u0161\u00ed sportovn\u00ed \u00fasp\u011bchy p\u0159inesl rok 1992, kdy juniorky Hal\u00e1skov\u00e1 s Bl\u00e1hovou z\u00edskaly jednu st\u0159\u00edbrnou a dv\u011b bronzov\u00e9 medaile na mistrovstv\u00ed \u010cSFR, dal\u0161\u00ed medaile vybojovali z\u00e1vodn\u00edci v kategorii \u017e\u00e1k\u016f a dorostenc\u016f (\u0160terclov\u00e1, Goli\u00e1\u0161ov\u00e1, Reichertov\u00e1, \u017dalud). Korunu v\u0161em \u00fasp\u011bch\u016fm roku 1992 nasadil V\u00e1clav Hel\u0161us titulem mistra sv\u011bta junior\u016f, kter\u00fd z\u00edskal na p\u00e1rov\u00e9 \u010dty\u0159ce Dukly Praha v Montrealu.<\/p>\n<p style=\"text-align: justify;\">V roce 1993 klub slav\u00ed 110 let sv\u00e9 existence a p\u0159i t\u00e9to p\u0159\u00edle\u017eitosti po\u0159\u00e1d\u00e1 v\u00fdstavu v okresn\u00edm muzeu a historicky ojedin\u011bl\u00e9 z\u00e1vody na Oh\u0159i &#8211; supersprinty. Z\u00e1vodnick\u00e9 \u00fasp\u011bchy pokra\u010duj\u00ed a VKO z\u00edsk\u00e1v\u00e1 celkem 3 tituly mistr\u016f republiky v \u017e\u00e1kovsk\u00fdch kategori\u00edch. Neporaziteln\u00fdmi se v tomto roce st\u00e1vaj\u00ed juniorky Bl\u00e1hov\u00e1 a Hal\u00e1skov\u00e1 &#8211; z\u00edsk\u00e1vaj\u00ed dva tituly, v\u00edt\u011bz\u00ed na mez. regat\u011b v Mnichov\u011b a na MSJ v norsk\u00e9m Arungenu obsazuj\u00ed 5. m\u00edsto. V roce 1994 trochu polevila bohat\u00e1 \u017ee\u0148\u00a0 titul\u016f, na mistrovstv\u00ed republiky v Brn\u011b se \u017e\u00e1k\u016fm a dorostenc\u016fm moc neda\u0159ilo, radost v\u0161ak p\u0159in\u00e1\u0161\u00ed \u00fa\u010dast N. Vorlov\u00e9 na veter\u00e1nsk\u00e9m mistrovstv\u00ed sv\u011bta (st\u0159\u00edbrn\u00e1 medaile) i v\u00fdsledky odchovanc\u016f klubu p\u016fsob\u00edc\u00edch v jin\u00fdch odd\u00edlech (P. Bl\u00e1ha, Hal\u00e1skov\u00e1 &#8211; Bl\u00e1hov\u00e1, Reichertov\u00e1). Dal\u0161\u00ed sezona 1995 p\u0159in\u00e1\u0161\u00ed 5 mistrovsk\u00fdch titul\u016f, zlatou medaili z MS veter\u00e1n\u016f (N. Vorlov\u00e1) a z v\u00fdsledk\u016f na\u0161ich z\u00e1stupc\u016f v reprezentaci nap\u0159. 2. m\u00edsto P. Bl\u00e1hy na MS do 22 let na osm\u011b Dukly Praha. Rok 1996 za\u010d\u00edn\u00e1 n\u00e1kupem nov\u00fdch lod\u00ed (4+ a 2-) a kon\u010d\u00ed dal\u0161\u00edmi v\u00fdborn\u00fdmi v\u00fdsledky ob\u011btav\u00e9 pr\u00e1ce tren\u00e9r\u016f (P. Bl\u00e1ha, J. Janda, M. Vorel), \u00fasil\u00ed z\u00e1vodn\u00edk\u016f i v\u0161ech zainteresovan\u00fdch. Uv\u00e1d\u00edme alespo\u0148 n\u011bkter\u00e9: mez. regata\u00a0 Macon &#8211; Vondra 3. m\u00edsto; mez. regata Bydgosz &#8211; Havl\u00ed\u010dek 3. a 5. m\u00edsto, stejn\u011b tak \u0160terclov\u00e1; 12 medail\u00ed, z toho 5 titul\u016f na M\u010cR (Merunkov\u00e1, Sad\u00edlkov\u00e1, Loulov\u00e1, \u010cerm\u00e1kov\u00e1, Lehk\u00e1, Ko\u017eeluhov\u00e1, \u0160terclov\u00e1, Havl\u00ed\u010dek, Vondra, Kesl, Hu\u0161ek &#8230;); 10. m\u00edsto Vondry na MSJ ve Skotsku. Dal\u0161\u00ed sezona 1997 je je\u0161t\u011b hodnotn\u011bj\u0161\u00ed a navazuje na p\u0159edchoz\u00ed v\u00fdsledky. V dorostenk\u00e1ch kraluje \u010dtve\u0159ice Lehk\u00e1, \u010cerm\u00e1kov\u00e1, Ko\u017eeluhov\u00e1, Sad\u00edlkov\u00e1, p\u0159id\u00e1vaj\u00ed se \u017e\u00e1kyn\u011b Loulov\u00e1 a Merunkov\u00e1, \u00fasp\u011b\u0161n\u00fdmi doma i v repre z\u016fst\u00e1vaj\u00ed Havl\u00ed\u010dek, Vondra, \u0160terclov\u00e1, Bl\u00e1ha, Bl\u00e1hov\u00e1, o\u017e\u00edvaj\u00ed veter\u00e1ni (Lavi\u010dka, Kalus). Lod\u011bnice v t\u011bchto letech proch\u00e1zela neust\u00e1lou modernizac\u00ed (je t\u0159eba umis\u0165ovat st\u00e1le v\u011bt\u0161\u00ed mno\u017estv\u00ed lod\u00ed a materi\u00e1lu), byla vybudov\u00e1na nov\u00e1 posilovna, molo, po\u0159\u00edzen motorov\u00fd \u010dlun atd. D\u00edky nevyhovuj\u00edc\u00ed statice byl na pozemku p\u0159em\u00edst\u011bn a rekonstruov\u00e1n pomn\u00edk ob\u011btem 2. sv\u011btov\u00e9 v\u00e1lky.<\/p>\n<p style=\"text-align: justify;\">Od roku 1996 VKO pravideln\u011b\u00a0 po\u0159\u00e1d\u00e1 ve\u0159ejn\u00fd halov\u00fd triatlon, na kter\u00fd se sj\u00ed\u017ed\u011bj\u00ed z\u00e1vodn\u00edci z cel\u00e9 republiky. V roce 1998 se Pavel Bl\u00e1ha stal profesion\u00e1ln\u00edm tren\u00e9rem placen\u00fdm \u010cesk\u00fdm vesla\u0159sk\u00fdm svazem, Martin Vorel byl\u00a0 m\u00edstop\u0159edsedou\u00a0 \u010cesk\u00e9ho vesla\u0159sk\u00e9ho svazu.<\/p>\n","protected":false},"excerpt":{"rendered":"<p>Kdy\u017e v roce 1883 p\u00e1nov\u00e9 MUC. Fr. Sedlmayer a Arno\u0161t Sekera zakl\u00e1dali vesla\u0159sk\u00fd a brusla\u0159sk\u00fd klub v Lounech, cht\u011bli se omezit jen na po\u0159\u00e1d\u00e1n\u00ed v\u00fdlet\u016f a z\u00e1bav na vod\u011b a v zim\u011b na bruslen\u00ed. To<a class=\"read-more\" href=\"http:\/\/www.vko.cz\/VKOweb\/historie\/\">\u010d\u00edst d\u00e1le..<\/a><\/p>\n","protected":false},"author":4,"featured_media":0,"parent":0,"menu_order":1,"comment_status":"closed","ping_status":"closed","template":"","meta":{"footnotes":""},"_links":{"self":[{"href":"http:\/\/www.vko.cz\/VKOweb\/wp-json\/wp\/v2\/pages\/2"}],"collection":[{"href":"http:\/\/www.vko.cz\/VKOweb\/wp-json\/wp\/v2\/pages"}],"about":[{"href":"http:\/\/www.vko.cz\/VKOweb\/wp-json\/wp\/v2\/types\/page"}],"author":[{"embeddable":true,"href":"http:\/\/www.vko.cz\/VKOweb\/wp-json\/wp\/v2\/users\/4"}],"replies":[{"embeddable":true,"href":"http:\/\/www.vko.cz\/VKOweb\/wp-json\/wp\/v2\/comments?post=2"}],"version-history":[{"count":16,"href":"http:\/\/www.vko.cz\/VKOweb\/wp-json\/wp\/v2\/pages\/2\/revisions"}],"predecessor-version":[{"id":1995,"href":"http:\/\/www.vko.cz\/VKOweb\/wp-json\/wp\/v2\/pages\/2\/revisions\/1995"}],"wp:attachment":[{"href":"http:\/\/www.vko.cz\/VKOweb\/wp-json\/wp\/v2\/media?parent=2"}],"curies":[{"name":"wp","href":"https:\/\/api.w.org\/{rel}","templated":true}]}}