{"id":698,"date":"2012-06-04T23:46:51","date_gmt":"2012-06-05T05:46:51","guid":{"rendered":"http:\/\/www.vko.cz\/VKOweb\/wp-content\/uploads\/Pozv\u00e1nka-na-pomn\u00edk-2012.pdf"},"modified":"2012-06-04T23:46:51","modified_gmt":"2012-06-05T05:46:51","slug":"pozvanka-na-pomnik-2012","status":"inherit","type":"attachment","link":"http:\/\/www.vko.cz\/VKOweb\/pozvanka-na-ucteni-pamatky\/pozvanka-na-pomnik-2012\/","title":{"rendered":"Pozv\u00e1nka na pomn\u00edk 2012"},"author":5,"comment_status":"open","ping_status":"closed","template":"","meta":{"rsg_gallery_tags":"","rsg_gallery_link":"","rsg_gallery_video_link":"","rsg_gallery_type_link":0,"rsg_gallery_col":0},"robofields":{"title":"Pozv\u00e1nka na pomn\u00edk 2012","description":"","alt":"","caption":""},"description":{"rendered":"<p class=\"attachment\"><a href='http:\/\/www.vko.cz\/VKOweb\/wp-content\/uploads\/Pozv\u00e1nka-na-pomn\u00edk-2012.pdf'>Pozv\u00e1nka na pomn\u00edk 2012<\/a><\/p>\n"},"caption":{"rendered":"<p>Pozv\u00e1nka na pomn\u00edk 2012<\/p>\n"},"alt_text":"","media_type":"file","mime_type":"application\/pdf","media_details":{},"post":697,"source_url":"http:\/\/www.vko.cz\/VKOweb\/wp-content\/uploads\/Pozv\u00e1nka-na-pomn\u00edk-2012.pdf","_links":{"self":[{"href":"http:\/\/www.vko.cz\/VKOweb\/wp-json\/wp\/v2\/media\/698"}],"collection":[{"href":"http:\/\/www.vko.cz\/VKOweb\/wp-json\/wp\/v2\/media"}],"about":[{"href":"http:\/\/www.vko.cz\/VKOweb\/wp-json\/wp\/v2\/types\/attachment"}],"author":[{"embeddable":true,"href":"http:\/\/www.vko.cz\/VKOweb\/wp-json\/wp\/v2\/users\/5"}],"replies":[{"embeddable":true,"href":"http:\/\/www.vko.cz\/VKOweb\/wp-json\/wp\/v2\/comments?post=698"}]}}

http://www.vko.cz/VKOweb/wp-content/uploads/Pozvánka-na-pomník-2012.pdf

Pozvánka na pomník 2012

<p class="attachment"><a href='http://www.vko.cz/VKOweb/wp-content/uploads/Pozvánka-na-pomník-2012.pdf'>Pozvánka na pomník 2012</a></p>

<p>Pozvánka na pomník 2012</p>
